{"id":36,"date":"2020-06-17T21:46:13","date_gmt":"2020-06-17T21:46:13","guid":{"rendered":"http:\/\/derweingartz.com\/?page_id=36"},"modified":"2022-03-16T21:09:33","modified_gmt":"2022-03-16T21:09:33","slug":"bierchen","status":"publish","type":"page","link":"https:\/\/koeb.es\/","title":{"rendered":"Bierchen?"},"content":{"rendered":"\n<p class=\"has-text-align-center\">Die gro\u00dfe Feier ist geplant. <br>Die G\u00e4ste sind eingeladen. <br>Es soll ein unvergesslicher Moment werden. <br>Ihr ben\u00f6tigt professionelles Personal, das den reibungslose Ablauf sicherstellt und sich dabei liebevoll um die W\u00fcnsche eurer G\u00e4ste k\u00fcmmert. <\/p>\n\n\n\n<p class=\"has-text-align-center\"><strong>Das Team von K\u00f6lscher Bar &amp; Eventservice ist f\u00fcr euch da, damit ihr und eure G\u00e4ste die Feier sorgenfrei genie\u00dfen k\u00f6nnt!<\/strong><\/p>\n","protected":false},"excerpt":{"rendered":"<p>Die gro\u00dfe Feier ist geplant. Die G\u00e4ste sind eingeladen. Es soll ein unvergesslicher Moment werden. Ihr ben\u00f6tigt professionelles Personal, das den reibungslose Ablauf sicherstellt und sich dabei liebevoll um die &#8230; <\/p>\n<div class=\"text-center\"><a class=\"more-link\" href=\"https:\/\/koeb.es\/\">Read More <i class=\"fa fa-angle-double-right\"><\/i><\/a><\/div>\n","protected":false},"author":1,"featured_media":0,"parent":0,"menu_order":0,"comment_status":"closed","ping_status":"closed","template":"templates\/fullwidth.php","meta":{"footnotes":""},"class_list":["post-36","page","type-page","status-publish","hentry"],"_links":{"self":[{"href":"https:\/\/koeb.es\/index.php?rest_route=\/wp\/v2\/pages\/36","targetHints":{"allow":["GET"]}}],"collection":[{"href":"https:\/\/koeb.es\/index.php?rest_route=\/wp\/v2\/pages"}],"about":[{"href":"https:\/\/koeb.es\/index.php?rest_route=\/wp\/v2\/types\/page"}],"author":[{"embeddable":true,"href":"https:\/\/koeb.es\/index.php?rest_route=\/wp\/v2\/users\/1"}],"replies":[{"embeddable":true,"href":"https:\/\/koeb.es\/index.php?rest_route=%2Fwp%2Fv2%2Fcomments&post=36"}],"version-history":[{"count":7,"href":"https:\/\/koeb.es\/index.php?rest_route=\/wp\/v2\/pages\/36\/revisions"}],"predecessor-version":[{"id":178,"href":"https:\/\/koeb.es\/index.php?rest_route=\/wp\/v2\/pages\/36\/revisions\/178"}],"wp:attachment":[{"href":"https:\/\/koeb.es\/index.php?rest_route=%2Fwp%2Fv2%2Fmedia&parent=36"}],"curies":[{"name":"wp","href":"https:\/\/api.w.org\/{rel}","templated":true}]}}